, -26 = -k - 3*z. Calculate the remainder when y(-3) is divided by k.
8
Suppose 0*a + 3*a + 145 = 5*o, 58 = 2*o + 3*a. Let i(n) = n**2 + n + 3. Calculate the remainder when o is divided by i(-4).
14
Let g be 32/6 + (-5)/15. Suppose -51 = -g*u + k + 2*k, -2*k = 3*u - 42. Let w(r) = 23*r - 1. Calculate the remainder when w(1) is divided by u.
10
Let y = 28 - 19. Let a be y + -3 - (1 + -1). Suppose 2 = -0*g + 3*g - 2*b, -a = -3*b. What is the remainder when g is divided by 2?
0
Suppose -5*q + r + 288 = -q, 5*q = -5*r + 360. Suppose 0 = 5*g + 22 - q. What is the remainder when g is divided by 6?
4
Suppose 3*p - 136 = -4*y, 5*y = 3*p - 5*p + 163. Let a be 1/4 + 2/(-8). Suppose a = 5*n - 55 - 25. Calculate the remainder when y is divided by n.
15
Let i = -18 + 53. Calculate the remainder when i is divided by 12.
11
Suppose t - 58 - 118 = 4*q, 2*q + 4 = 0. Suppose t = 2*g + 2*g. Let p(j) = 14*j + 1. What is the remainder when g is divided by p(1)?
12
Suppose 0*c - 2*c = -34. Suppose 0 = -d - 5*i + i + 8, -4*i + 20 = 4*d. Let h = d - -2. Calculate the remainder when c is divided by h.
5
Suppose -10 = -2*v + 16. Calculate the remainder when 35 is divided by v.
9
Let u(q) = q**2 + 7*q - 8. Let o be u(-8). Suppose -d + 2*d - 7 = o. Calculate the remainder when 13 is divided by d.
6
Suppose -10*a = -a - 63. Calculate the remainder when 12 is divided by a.
5
Suppose -5*m - 178 + 913 = 0. Calculate the remainder when m is divided by 25.
22
Let p be 2*4 - 3/1. Suppose -p*m + 24 = -3*g, -5*m + 5*g + 24 = -2*m. Calculate the remainder when m is divided by 3.
0
Let i(f) = -15*f - 2. Let z(y) = -5*y + 51. What is the remainder when i(-2) is divided by z(7)?
12
Let h(y) = y**2 + y - 2. Let a be h(-2). Suppose 3*t + 5*k - 51 = -t, 4*k - 12 = a. Calculate the remainder when 17 is divided by t.
8
Let g = -6 + 16. Let y be (-4)/10 - 336/10. What is the remainder when (-1 - -2)/((-2)/y) is divided by g?
7
Suppose -10*p + p = -918. What is the remainder when p is divided by 22?
14
Let d = 6 + -3. What is the remainder when d is divided by 1?
0
Suppose -47 = -2*u + 5*g, 3*u + 3*g = -2*u + 40. What is the remainder when 37 is divided by u?
4
Suppose 3*u - 3*s - 18 = 0, 0*u = -u + 5*s + 26. Let k = 3 + u. Let o = k - -1. Calculate the remainder when 13 is divided by o.
3
Suppose -5*l - 78 = -3*m, -7*m = -2*l - 2*m - 35. Suppose 23 + 35 = -2*g. Let i = l - g. Calculate the remainder when 26 is divided by i.
12
Suppose 2*n - 3*j = -2*n + 151, 3*n - 107 = j. Suppose -m + 7 + 2 = 0. What is the remainder when n is divided by m?
7
Let v = 55 + -24. Calculate the remainder when v is divided by 11.
9
Let a = 30 - 6. Suppose -2*u = -5*h - 15, 12 + 13 = -2*h - 3*u. Let t = h - -18. What is the remainder when a is divided by t?
11
Suppose -205 = -5*c - 3*i, -4*i + 197 = 5*c - 3. What is the remainder when 81 is divided by c?
37
Suppose 0 = -2*f - 0*w - w + 35, -2*w - 20 = -f. Let s = 33 - f. Calculate the remainder when s is divided by 4.
3
Let c(t) be the second derivative of -t**4/12 + t**3 + t**2 + 3*t. What is the remainder when 2 is divided by c(6)?
0
Let a = -10 + 3. Let w(p) = p**2 + 6*p - 4. What is the remainder when 8 is divided by w(a)?
2
Suppose -483 = 6*p - 13*p. What is the remainder when p is divided by 10?
9
Let b = 1 - -2. Let h = -11 - -22. Calculate the remainder when h is divided by b.
2
What is the remainder when (3/2 - (2 - 5))*46 is divided by 42?
39
Let j(x) = x + 1. Let n be j(4). Suppose -n*p = -0*p - 115. Calculate the remainder when 68 is divided by p.
22
Suppose w - 32 = -5*p, -2*p + 56 = 5*w - w. What is the remainder when 200 is divided by w?
8
Suppose 2*j - 46 = -2*c + 52, 16 = 4*j. Suppose -9 + c = r. What is the remainder when r is divided by 19?
17
Let q(r) = r**2 + 6*r - 7. Let n be q(-7). Let h(w) = 1 + 10 + 0 - w**2 - w. Calculate the remainder when 20 is divided by h(n).
9
Suppose 105 = 4*h + 45. Let g(d) = -d + 29. What is the remainder when g(0) is divided by -1*(0 - h*1)?
14
Suppose 3*x - 9 = -4*j, 5*j + 5*x = 10 + 5. Suppose j = 2*i - 4*i - 8, v + 4*i = -1. Calculate the remainder when v is divided by 8.
7
Suppose -108 = -4*f - 28. What is the remainder when 38 is divided by f?
18
Suppose 4*o = -2*m - 2*m + 16, 4 = 4*m. Suppose 0 = o*q + 12, -a - q - 3*q + 14 = 0. Suppose -c - a = -6*c. Calculate the remainder when c is divided by 3.
0
Suppose 4*t - t = 3*c - 90, 4*c = -2*t + 144. What is the remainder when c is divided by 13?
8
Suppose 0 = -2*d + 3*t + 248, -4*d + 5*d + t = 124. What is the remainder when d is divided by 25?
24
Let u = -10 - -12. Suppose -3*k - u*k = 3*t - 95, -t = k - 21. Calculate the remainder when 31 is divided by k.
15
Let g(n) = n - 10. Let m(p) = -p + 11. Let t(d) = -5*g(d) - 4*m(d). Calculate the remainder when 41 is divided by t(-8).
13
What is the remainder when 45 is divided by (-123)/(-5) - 26/(-65)?
20
Let k(t) = t + 1. Let b be k(-6). Suppose 0 = -2*o + 5*r + 15, o + r + 8 = 19. Calculate the remainder when ((-112)/(-20))/((-1)/b) is divided by o.
8
Let a be 6/(-15) - (-33)/(-5). Let t(o) = 5*o - 2. Let i(r) = 2*r - 1. Let x(u) = a*i(u) + 3*t(u). Calculate the remainder when 8 is divided by x(2).
2
Let q = -16 - -24. Suppose -5*r + 102 = -q. What is the remainder when 65 is divided by r?
21
Let c(g) = 6*g - 62. Suppose -2*k - 2 = 4*q + q, 0 = -3*q - 5*k + 14. Calculate the remainder when q/(4/(-82) - 0) is divided by c(14).
19
Suppose -4*c = 5*a - 2*a - 21, 15 = 5*a. Suppose r + c*r = 4. Calculate the remainder when 1 is divided by r.
0
Let j be (-2 - -1)/(3/33). Let y = j - -37. What is the remainder when y is divided by 9?
8
Let j = 40 + -27. Calculate the remainder when 35 is divided by j.
9
Let h(r) = -r**2 - 6*r - 6. Let i be h(-4). Suppose -5*a - 19 = -x, -4*x - i*a = -x + 11. Calculate the remainder when x/(-1) - -1*8 is divided by 5.
4
Let q(a) = -a**2 - 10*a + 3. Calculate the remainder when q(-5) is divided by 15.
13
Let x be -1 - (-2 - -5 - 2). Let b = 0 + x. What is the remainder when 12 is divided by (-153)/(-21) + b/7?
5
Let d(w) = w**3 - 8*w**2 + 6*w - 1. Suppose 2*j - 3*s - 10 = 0, -4*j = -5*j - 5*s + 18. What is the remainder when d(j) is divided by 12?
11
Let l(w) be the first derivative of -3*w**2/2 + 3*w - 3. Calculate the remainder when l(-7) is divided by 13.
11
Let g(j) = -j**2 - 10*j + 2. What is the remainder when 104 is divided by g(-5)?
23
Let l be (3 - 6)*104/(-3). Calculate the remainder when 0 + -3 - l/(-2) is divided by 13.
10
Let j(z) = -z - 1. Let g be j(5). What is the remainder when (2/g)/(1/(-75)) is divided by 4/6 + (-50)/(-6)?
7
Let p(t) = t**3 + 2*t - 1. Let w be 1 + -1 + (6 - 3). What is the remainder when p(w) is divided by 11?
10
Suppose -4*a + a + 50 = -5*v, 3*a = -3*v + 18. Let t = 5 + -2. What is the remainder when 38 - -1 - (t - 3) is divided by a?
9
Let k be (-2)/(12/9 + -2). Let o(v) = -13*v - 3 + k. Calculate the remainder when 38 is divided by o(-1).
12
Let t = -53 + 112. Calculate the remainder when t is divided by 12.
11
Let x = 15 - 9. Suppose -2*z + 31*d = 30*d - 17, 0 = -z + d + 8. Calculate the remainder when z is divided by x.
3
Let o(d) = -3*d - 2. Let c be o(-11). Suppose 0 = -4*p + 3*s + s + 28, 3*p = -2*s + c. Calculate the remainder when p is divided by 6.
3
Calculate the remainder when 21 is divided by (-202)/(-18) - (-4)/(-18).
10
Let n = -28 + 40. Let i = -73 + 105. Let m = i - -13. What is the remainder when m is divided by n?
9
Let m be 78 + -4 + (-3)/(-1). Let u = -41 + m. What is the remainder when u is divided by 19?
17
Let s(v) = 2*v - 7. Calculate the remainder when s(8) is divided by 2.
1
Suppose -b + 5*b = 108. What is the remainder when 105 is divided by b?
24
Let h be 2*(-7 + 2) - -1. Let f = 13 + -2. What is the remainder when f is divided by h/(((-3)/2)/1)?
5
Let n be 2/(-9) - 839/(-9). What is the remainder when 28 - 2*2/4 is divided by (-3)/2 - n/(-6)?
13
Let b = -201 - -235. Suppose -8*p = -4*p - 48. What is the remainder when b is divided by p?
10
Let c(i) = -5*i**3 + i**2 - 7*i + 2. Let q(v) = -14*v**3 + 4*v**2 - 21*v + 5. Let h(m) = 17*c(m) - 6*q(m). Calculate the remainder when h(-8) is divided by 7.
5
Suppose 2*t - 36 = -2*t. Let j = 4 - 2. Suppose 0 = -4*g + j*g + 34. What is the remainder when g is divided by t?
8
Su